. Let h be o(a). Suppose 478 = 13*i - h. What is the units digit of i?
6
Let z(w) = 2*w**3 - 10*w**2 + 4*w - 24. Let s be z(7). Suppose -5*y + 4*g = 3*g - 936, y + 3*g - s = 0. What is the tens digit of y?
8
Let a be -3*(2984 + 6 + -7). What is the tens digit of 6/(-8) + a/(-12)?
4
Let d(s) = -6 + 8 - 13 - 6*s**2 - 25*s - 6*s**2 - 4*s**3. What is the tens digit of d(-5)?
1
Suppose -7*y + 0*y = -1939. Suppose 1163 = 3*o + 5*x, -2*o + 332 = 3*x - 444. Let p = o - y. What is the units digit of p?
4
Let h(n) = 7134*n**2 + 23*n + 1. What is the hundreds digit of h(1)?
1
Let z(q) = 2750*q - 670. What is the units digit of z(6)?
0
Suppose -17 = 4*s + v - 49, -v = s - 8. Let b(o) = -o**2 + 10 - 5*o**2 + 3*o**2 + 2*o**2 + s*o. What is the units digit of b(8)?
0
Suppose -b - 514 = -2*q, -5*b - 481 = 3*q + 2102. Let c = 874 + b. What is the hundreds digit of c?
3
Let q(d) = -2*d - 17 - 20*d**2 - 2*d**3 + 2*d**3 + 2 - d**3. Let t be q(-20). Let p = 133 - t. What is the hundreds digit of p?
1
What is the thousands digit of (-292185)/(-11) - (-93)/(-341)?
6
Let a(v) = 75*v**2 + 35*v - 12. What is the thousands digit of a(-7)?
3
Suppose -4*r + 1586 = 174. Let v = 749 - r. What is the hundreds digit of v?
3
Let h be 30/225 - (-86)/30*1. Suppose -2*a = -3*a. Suppose a = 2*c - 3*c + 4, -h*b + 4*c = -362. What is the hundreds digit of b?
1
Suppose -2*w + 1899*a - 1896*a = -10728, 0 = -w + 2*a + 5365. What is the thousands digit of w?
5
Let d(t) = -5114*t**3 + 30*t**2 + 33*t. What is the tens digit of d(-1)?
1
Let z(n) = 116*n**2 + 53*n + 388. What is the hundreds digit of z(-8)?
3
Suppose m - 3 = 0, -3*i + m - 458 + 1997 = 0. Let u = i - 76. What is the units digit of u?
8
What is the tens digit of (252 + 10)/((-2)/(-206))?
8
Let p(u) = -u - 4. Let z be p(-3). Let x be 196/42 - ((-10)/(-6) + z). Suppose 115 = x*s - 57. What is the units digit of s?
3
Suppose 291*c = 284*c + 60795. What is the tens digit of c?
8
Suppose 4*k - 2*k - 8 = 0. Suppose 0 = -k*j - j - r + 402, -4*j = -3*r - 314. Suppose -10*n - j = -14*n. What is the tens digit of n?
2
Suppose -4955 = -s - h, -5*h = -5*s - h + 24784. Suppose 12*x = 5*x + s. What is the hundreds digit of x?
7
Let w(u) = -48*u**3 - u**2 - 42*u - 19. What is the thousands digit of w(-5)?
6
Suppose 0 = 116*v - 129*v. What is the hundreds digit of (-222 - v)*11/(-3)?
8
Suppose 9*g - 15*g + 250587 = 21*g. What is the tens digit of g?
8
Let r(y) = 36535*y**2 + 43*y - 1. What is the hundreds digit of r(1)?
5
Let k = -6435 - -27377. What is the tens digit of k?
4
Let k(q) = q**3 - 12*q**2 + 12*q - 5. Let g = 130 + -118. Let c be k(g). Suppose -c = 2*w - 569. What is the tens digit of w?
1
What is the units digit of (91 + -92)/((4/(-21916))/(-1 + 3))?
8
Suppose -23*g = -27*g + 13304. What is the tens digit of g?
2
Let a be (-1 - 0/(-1))/((-1)/274). Let o = 586 - a. What is the units digit of o?
2
Let r = -24 - -35. Suppose r*v - 7*v + 304 = 0. Let s = v - -109. What is the tens digit of s?
3
Let m = -1862 + 2834. Let n = m + -441. What is the hundreds digit of n?
5
Suppose -26*y = -471257 + 24863. What is the thousands digit of y?
7
Let h = -212 - -214. Suppose 2*v + 3*k = k + 366, h*v - 354 = 2*k. What is the hundreds digit of v?
1
Let n(c) = c**3 + 67*c**2 + 174*c - 951. What is the thousands digit of n(-59)?
6
Let z(f) = -4*f**3 + 27*f**2 - 10*f - 80. Let q(v) = -2*v**3 + 14*v**2 - 5*v - 40. Let l(u) = 5*q(u) - 3*z(u). What is the units digit of l(9)?
2
Suppose 2*o + 12 = -5*m, 4*o + 11*m - 10*m = -24. What is the units digit of (-4 - 1716/9)/(o/9)?
2
What is the thousands digit of 960/(-90)*3746*15/(-40)?
4
Let o(f) = -f**2 + 4*f + 4. Let p be o(4). Suppose p*g + 5 = 5*g. Suppose 1232 = g*k - k + 3*v, -v - 1216 = -4*k. What is the units digit of k?
5
Let a(c) = 1190*c**2 - 93*c + 286. What is the units digit of a(3)?
7
Suppose 2*d + 5*y = 71, -7*d + 2*y + 135 = -4*d. Suppose 15713 = -24*p + d*p. What is the tens digit of p?
2
Suppose 78 = -4*o + 2*v, 66*v = 3*o + 68*v + 48. What is the thousands digit of 18788/12 + (-6)/o?
1
Let p(h) = -21*h**3 - 3*h**2 + 129*h - 4. What is the thousands digit of p(-13)?
3
Let y = 50053 + -21011. What is the hundreds digit of y?
0
What is the units digit of (-980)/(-2205) - (-2)/((-18)/(-8717))?
9
Suppose 7*a - 84708 = -0*a - 6*a. What is the hundreds digit of a?
5
Let c = 5157 + 1200. What is the hundreds digit of c?
3
Suppose 5*g - 25 = 0, -6*g + 8*g + 36122 = 3*v. What is the units digit of v?
4
What is the units digit of (-17)/19 + 1 - (-728640)/456?
8
Let n = 5461 + -793. What is the hundreds digit of n?
6
Suppose -86 = -4*a - 62. Let z(h) = -h**3 + 7*h**2 + 11*h - 27. What is the units digit of z(a)?
5
Suppose 0 = 24*c + 578 + 502. What is the tens digit of (-6)/c + (-41574)/(-45)?
2
Let n = -59 - -78. Suppose -27242 + 8869 = -n*t. What is the units digit of t?
7
Let u(y) = -4*y**3 + 63*y**2 - 13*y - 58. What is the thousands digit of u(14)?
1
Suppose 0 = 5*b + 15418 - 52648. What is the tens digit of b?
4
Let g(f) = -1 + 6 - 3*f + 0. Let p be g(0). Suppose 0 = p*i - 3*k - 11, 3*k = -3 + 12. What is the units digit of i?
4
Let z(x) = 20*x**2 - 132*x - 14. What is the units digit of z(20)?
6
Let q(f) be the second derivative of -7*f**6/720 - 7*f**5/30 - 11*f**4/6 - 16*f. Let c(i) be the third derivative of q(i). What is the units digit of c(-13)?
3
Suppose 5264 = 3*k - 5*h, -130*k + 125*k - h = -8792. What is the units digit of k?
8
Let o be (-4)/14 + 51/7. Let l(r) = 8*r**2 + 299 - r**2 + 285 - 577 - r**3 + 7*r + 2*r. What is the units digit of l(o)?
0
Let s(m) = -m**3 - 11*m**2 + 19*m + 11. Let z be s(-13). Let f be z/10*(-1 - 4)*-2. Let w = f + -30. What is the tens digit of w?
7
Suppose 4*d + 68 = -2*l, 5*l + 230 = -26*d + 31*d. What is the units digit of (-4977)/l*6*(2 - 1)?
1
Let a(p) = p**3 + 82*p**2 - 16*p - 162. What is the thousands digit of a(-82)?
1
Let u be (-4)/(-10) + (-572)/(-20). Suppose -7*o + u - 1 = 0. Suppose -c = 3*i - 77, 2*c - 98 = -o*i + 3*c. What is the units digit of i?
5
Suppose -252559 = -28*b + 364393. What is the units digit of b?
4
Suppose 9 + 1436 = 17*o. Suppose 99*s = o*s + 3962. What is the hundreds digit of s?
2
Let m(l) = -l**2 + 3*l + 1. Let w be m(7). Let k be (-102)/(-4)*(15 - 13). Let q = k + w. What is the tens digit of q?
2
Let z be (7370/15)/11 + (-2)/(-6). Suppose -48*m + 2919 = -z*m. What is the units digit of m?
3
Let y(u) = 64*u + 68*u + 6*u**3 - 9*u**2 - 5*u**3 - 135*u - 8. Let m(j) = -j + 10. Let b be m(0). What is the units digit of y(b)?
2
Suppose -6 + 48 = -21*g. Let m(t) = -45*t**3 + t**2 - 3. What is the hundreds digit of m(g)?
3
Let q(v) = -2158*v + 368. What is the units digit of q(-3)?
2
Let b = -9143 + 23405. What is the tens digit of b?
6
Let f = 49116 + 1429. What is the ten thousands digit of f?
5
Suppose s - 12393 = -5*k, k - s = 2572 - 85. What is the thousands digit of k?
2
Let f = 30 + -38. Let r(g) = -10*g + 13. Let y be r(f). Let p = -58 + y. What is the tens digit of p?
3
Let o = -156 + 161. Suppose -2*l + 2*d + 986 = 0, -509 = -o*l + d + 1936. What is the units digit of l?
8
Let k(t) = 0*t**2 + 2*t**2 + 12 + 10*t - 3*t**2 + 0*t**2. Let o be k(7). Let p = o + -22. What is the units digit of p?
1
Let f(p) = 279*p**2 + p + 1. Let l be f(-1). Let t = 70 + l. What is the hundreds digit of t?
3
Suppose 71*y - 598739 - 673439 = 0. What is the tens digit of y?
1
Suppose 5*g = p - 24, 4*p - g - 3*g = 32. Suppose p*i = -14*i + 954. What is the units digit of i?
3
Let a = 30084 - -4517. What is the ten thousands digit of a?
3
Let z = -744 - -745. What is the hundreds digit of -5 - ((z + -3)*2 - 563)?
5
Let g be (-8 - -7)/(((-4)/(-5))/(-4)). Suppose 1052 = 5*p - t, 2*p - 3*p = -g*t - 196. What is the tens digit of p?
1
Let z(r) = -8*r - 88. Let m be z(-11). Suppose -l + 4*b + 621 = m, 2963 = 4*l - 3*b + 492. What is the hundreds digit of l?
6
Let d(b) = 468*b - 534. What is the thousands digit of d(15)?
6
Let c = -1795 - -338. What is the tens digit of (-6 - -1*(0 + 5))*c?
5
What is the units digit of ((-8)/48*8)/((-147396)/49131 + 3)?
6
Let c = 3932 + -221. What is the hundreds digit of c?
7
Let f(c) = -2*c**3 - 21*c**2 - 92*c - 1294. What is the units digit of f(-17)?
7
Suppose 13*p + 32602 = 34640 + 106057. What is the th